 -26 + -92 - 44?
-43
(0 + -1 - 1) + 8 - (-205 + 313 + 4)
-106
Evaluate (-4 - 35) + -12 + (21 - (19 + -12)).
-37
(-25 - (32 - 54) - (14 - 4)) + (-2 - -1)
-14
Evaluate 24 + (-54 - (43 + -50)).
-23
What is the value of (1 - 3) + -5 + (2 + -24 - (-174 - -222))?
-77
What is 20 - ((-8 - -20) + -18)?
26
Calculate 129 + -50 + 150 + -130.
99
What is 14 + -16 + -14 - (50 - 49)?
-17
What is 53 - (((-49 - -28) + 8 - (-11 - 2)) + -14)?
67
What is 22 + (85 + -61 - -26)?
72
Evaluate 11 + 6 - ((-25 - 4) + 7).
39
What is the value of -2 - 11 - (-550 - -497)?
40
-18 + 8 - ((2 - 21) + -14 + 16) - 47
-40
Calculate -1 + 0 + (71 - 62) - (-1 - 4).
13
Calculate -8 + -114 + 228 - (-4 + 17).
93
156 + -36 - (382 + -155)
-107
Calculate 10 + -1 - 1 - ((-1 - 0) + (-6 - -13)).
2
What is (-7 + 6 - 2) + 4 - -4 - (20 + -42)?
27
What is (22 - 16) + -3 + -5 - (4 + -13 + 71)?
-64
Calculate 22 + -2 + 12 + -47 + -28.
-43
10 + 10 + -31 - (-6 - (-21 + 2))
-24
What is -26 + (1 - -1) + (10 + -2 - 4 - 13)?
-33
Evaluate 90 - (75 + (1 - 62)).
76
What is the value of 89 - ((13 - 40) + 90)?
26
What is (-10 - (-3 + -1)) + (-6 - 13 - -21) - -51?
47
What is the value of (-14 - (5 + -28 + 13)) + 0 - 48?
-52
Evaluate -2194 + 2261 - (96 + 3).
-32
Evaluate 5 + (7 - 10) + -15 + (0 - (-16 - -20)).
-17
-19 + (-1 - -39) + 6 + 1 + -1
25
Calculate (-26 - -12) + 24 - (21 + -2 + -4).
-5
Calculate 1133 - 1124 - (0 + 17).
-8
0 - (6 - (-5 - -1) - (58 + -30))
18
25 + (9 - 36 - -3)
1
Evaluate (-41 - 1) + (-78 - -105) + -11 + -23.
-49
What is the value of (-11 - (-3 + -16)) + -25?
-17
What is the value of 23 - (12 + 136 + 19 + -8 + -6)?
-130
What is the value of (-3 - 0) + (3 - 5) + -2 + (2819 - 2859)?
-47
What is the value of (174 - 152) + (-13 - (0 + 0)) + -104 + -4?
-99
22 + -25 - (39 - 2) - (2 - (1 + 6))
-35
What is the value of (-17 - -45 - -55) + (7 - (-5 + 5 + 4))?
86
-19 - ((15 + -12 + -10 - -2) + -11)
-3
What is the value of 7 - 5 - 61 - (9 + -28 - -8)?
-48
Calculate (-8 + -4 + 10 - -12) + -47 + 0 + -17.
-54
-74 + (-110 - -207) + 22 + -1
44
Evaluate (29 - -11) + (109 - 90) + -13 + -2.
44
What is the value of ((-79 - (9 - -10)) + 17 - (1 - 2)) + 13?
-67
What is the value of -3 + 15 + -24 - -1 - -26 - -41?
56
Evaluate -1 - 0 - (3 - (-27 - -3) - -18).
-46
What is the value of -3 + -66 + 19 + (-18 + 7 - 1)?
-62
Calculate (15 - (4 - -7)) + (-491 - -423).
-64
What is the value of -27 - (11 - (3 - -4) - -11 - 7)?
-35
Calculate 44 + (26 - (17 + -64 + 47 + (14 - 1))).
57
84 + (-41 - (31 + 66))
-54
64 + -18 + (-21 - -1 - -19)
45
Calculate (-16 - -3) + -4 + 2 + 7 + (5 - 0).
-3
1 + -58 - (1306 - 1387)
24
What is the value of 20 + 38 - (-2 + 2)?
58
Evaluate (1 - 33) + 499 + -504.
-37
-22 + 48 + -30 - (8 + 0 + 94)
-106
16 - (-29 - -52 - 28) - 2
19
Evaluate 14 - 16 - (0 + -16) - (7 + (-47 - -87)).
-33
What is 36 + -26 - (-36 + (-13 + -7 - -12))?
54
(-300 - (-515 + 209)) + (-1 + 1 + -24 - -1)
-17
What is 54 - (-114 - (-24 + -95))?
49
Evaluate (2 - (-20 + 19)) + (16 - 10).
9
What is the value of -32 + -23 + (101 - 14) - 148?
-116
Calculate 50 + (0 - (-35 - -8 - -9) - 13).
55
What is the value of 45 + (14 - 49) + (4 - -3) + -2?
15
Evaluate -10 + (20 - 47 - -20).
-17
Evaluate 29 - -1 - (-12 + 7 + 41 + -24).
18
What is the value of -19 + -1 + 12 + (-7 - -3) + 27?
15
Evaluate 25 + -2 - (-3 - (2 - 9)) - (-249 + 248).
20
Evaluate (4 - 24) + -878 + 908.
10
Evaluate 45 - (-41 - (7 + (-32 - 168))).
-107
Evaluate (-3 + 2 - (-1 + 0)) + (932 - 924).
8
26 - (-24 - -121) - -12
-59
What is the value of (-27 - -17) + 9 - (-2 + -3) - (6 + -9)?
7
Calculate -459 + 428 - (-1 - 17).
-13
What is the value of -44 - (-26 - (-41 - -97))?
38
Calculate -5 + (-2 - -3 - 3 - -51).
44
Calculate -5 - (-16 + 55 + -72).
28
What is 44 + -16 + 17 + -63 + 45?
27
Calculate -79 + -125 + 197 + (1 - 16).
-22
What is the value of (40 - (20 - (-9 - -12))) + -24?
-1
What is (3 + (-3 - -1) - (277 - 277)) + -5?
-4
Calculate (2 - (1 + 1)) + (-17 - (68 + -78)).
-7
What is -35 - -35 - (-257 - -195)?
62
Evaluate -9 - (-54 + -69 + 133).
-19
What is the value of (254 - 198) + (5 + 1 + -1 - 9 - -1)?
53
What is the value of 2 - (25 - (2 + 3)) - (-982 - -1057)?
-93
What is (8 - (68 - 22 - 27)) + (-11 - -1)?
-21
Evaluate 568 + -600 - (-20 - 0).
-12
Evaluate -35 + 13 + -11 + 1 + -3 + -1.
-36
3610 + -3603 - (-3 + 59 + (-3 - 0))
-46
What is -15 - (2 + -25 + (35 - 56))?
29
What is the value of -3 + -10 + (23 - -27 - 24) + -1 + 115?
127
Calculate (-11 - (-4 + (-5 - -2))) + -19 + -5 + -4.
-32
What is 52 - (-61 + 89) - (1 - 0 - 3)?
26
Evaluate 65 + -8 + 25 + -29 + 13.
66
Evaluate 58 + (-43 - -32) + 48.
95
Calculate (-404 - -493 - (-27 + -3)) + -6.
113
Calculate 10 - (-13 - -7 - (-1 - -4) - -40).
-21
What is the value of 10 + -2 - (76 - 65) - (4 + -38 - 2)?
33
(74 - -4) + (51 - 122)
7
(2 - 2) + 3 - (-17 + 7 + 7)
6
-36 + 29 + -17 + 7 + 22 + 117
122
-64 - 0 - (-12 - -36 - 14)
-74
Calculate 36 - (3 - (-34 - -10)) - -30.
39
Calculate 10 - (24 - 12 - 34) - (-5 + 8).
29
Calculate 83 + 1 + -1 + 30 + 2 + -35 + -1.
79
What is the value of (-76 + 45 - -34) + 0?
3
Evaluate -131 - (27 + 108 - 283).
17
What is the value of 16214 - 16322 - (0 + (-8 - -1) + (2 - -1))?
-104
Evaluate (2 + -1 - 11) + 1884 + -1868 - (-57 + -1).
64
Evaluate (-11 - -29 - (-7 - (0 + (5 - 12)))) + 4.
22
What is -10 - -21 - (-12 - (-13 - -10 - 48))?
-28
-6 - (-19 - (-103 - -66))
-24
What is 35 + (517 - 521 - (2 + -34))?
63
What is the value of (5 - 0) + (22 - (36 + -11 - -13) - 56)?
-67
What is -25 + 10 + -28 + 11 + -1 + (-5 - -1)?
-37
Evaluate (4 - -24) + 9 - (-52 - -67).
22
(21 - (24 - 11)) + 7 - (-3 + -88)
106
What is the value of (-10 - -10 - -34) + (9 - (16 - 19))?
46
(-5 - (3 - -8)) + (-1 - (-12 + 89 + -10))
-84
Calculate -2 - ((-2 - -3) + -7) - (-16 + 114 - -13).
-107
Calculate 9 + 23 + -17 + 9 + -5 + 34.
53
What is the value of -15 + 6 + 39 - (-38 - -33)?
35
Calculate 20 - (4 + 0 - (1 + (-26 - -18))).
9
-55 - (-44 - (-38 - -123))
74
What is 135 + -120 - (-1 - -53) - 0?
-37
What is the value of 11 - 3 - -6 - (-90 - -17)?
87
-1 - -5 - (145 + 197 + -400)
62
Calculate -1202 - -1205 - (67 - 1).
-63
What is (-14 - -24) + 15 + (-5 - -9) + -2?
27
Evaluate (4 - 4) + 28 - (-324 + 310).
42
What is -31 - (7 + (-8 - 12)) - 4 - 1?
-23
9 - (47 + (-6 - -21 - -11))
-64
Calculate (-9 + 21 - -2) + (-6 - 11 - -8) + 6.
11
Evaluate (9289 - 9235) + 0 + -28.
26
Evaluate -3 + 90 + (1 - (3 - (-13 - -19))) + -12.
79
What is the value of 9 - (20 - 35 - -14 - 12)?
22
Calculate (-1 + -3 - (429 - 418)) + 11 + 40 + -1.
35
Calculate -70 + -7 + (44 - 31 - (-1 + 12 + -3)).
-72
What is the value of 48 + 6 + (-20 + (21 - 10) - -1)?
46
What is (-24 - 12 - 57) + 46?
-47
What is (-27 - (-7 - -15 - 18)) + 24 + -23 + -11?
-27
What is (18 - 8) + -20 + (-13 - (1 + -6))?
-18
Evaluate -3 + (59 - (10 + 4)) + 2 - -8.
52
What is (1 - -4) + (-98 - -136 - 16)?
27
What is 44 + -1 + (61 - 27 - 24)?
53
Evaluate 3 + (-61 - (17 + 0 + -7 + 5 + -1)).
-72
What is the value of 15 + (-82 + 29 + 2 - (-5 - (-7 + -2)))?
-40
What is (1 - 52) + (-1635 - -1684)?
-2
Calculate 8 + (-22 - -14) + -4 - (57 - (1 - -2)).
-58
(-31 - -24) + -31 + -7 + 8
-37
Evaluate -18 + 2 - 1 - (-32 + (-78 - -99)).
-6
What is the value of 55 + (19 - (-1 + 5)) + (10 - (30 + -15))?
65
Calculate 103 - (-1 + -1 + -16 + 10 + (14 - 8)).
105
Calculate (214 - 120) + -31 + -22 + -2.
39
(-32 + -13 + 21 - (2 - 39)) + (0 - 1)
12
Calculate -18 + (-17 - -58) - (39 + 42).
-58
What is the value of ((-28 + -25 - -53) + -15 + 0 - -27) + 11?
23
Evaluate -24 + -3 + (0 - -2) + (345 - (-437 + 788)).
-31
Evaluate 9 + (14 - 7) + -10 - (5 + -55).
56
Calculate 8 + 5 + -11 - (-12 + 1 + 1).
12
-10 + 14 + -24 + (-6 - -4 - -1)
-21
Evaluate 10 - (-3 - -75 - 55).
-7
Calculate -4 - (129 + -18 - 19) - (31 - 22).
-105
What is (-28 - (-4 - (5 + (0 - 15)))) + 0?
-34
(-13 - -67) + 76 + -148
-18
Evaluate -1 + -1 + -1 + 11 - (36 - (-64 - -53)).
-39
What is (22 - 33) + (-1 - 5 - (-5 - -1)) + 62?
49
Evaluate -4 + -24 - (-418 - -370).
20
Evaluate -4 - 36 - (-534 - -432).
62
6 + (1 - 4) + -4 - 13 - -25 - 121
-110
What is -6 - (2 - 1 - (-155 + 158))?
-4
Evaluate (-16 + -1 + 0 - (1039 - 1046)) + (-1 - -16).
5
Calculate (20 + 1 - (-110 + 259 + -116)) + 34.
22
Calculate 0 + (-58 + -44 + 108 - (-1 + 77)).
-70
116 + -104 - (19 - (-74 - 9))
-90
Wha